t the prime factors of 4676992.
2, 61, 599
List the prime factors of 205690.
2, 5, 67, 307
What are the prime factors of 472359?
3, 19, 8287
What are the prime factors of 699199?
659, 1061
List the prime factors of 2852182.
2, 37, 38543
What are the prime factors of 638425?
5, 25537
List the prime factors of 364292.
2, 61, 1493
What are the prime factors of 2117211?
3, 705737
What are the prime factors of 1593522?
2, 3, 7, 12647
What are the prime factors of 1320766?
2, 19, 34757
What are the prime factors of 227753?
19, 11987
What are the prime factors of 8308963?
13, 639151
What are the prime factors of 746119?
11, 67829
List the prime factors of 18517.
18517
What are the prime factors of 3474702?
2, 3, 7, 11, 23, 109
What are the prime factors of 367?
367
What are the prime factors of 409953?
3, 136651
List the prime factors of 129487.
31, 4177
What are the prime factors of 16304749?
1723, 9463
List the prime factors of 936772.
2, 234193
What are the prime factors of 493620?
2, 3, 5, 19, 433
List the prime factors of 30256571.
83, 364537
List the prime factors of 17864741.
17864741
List the prime factors of 231717.
3, 77239
What are the prime factors of 131538?
2, 3, 11, 1993
What are the prime factors of 450772?
2, 7, 17, 947
What are the prime factors of 368934?
2, 3, 17, 3617
What are the prime factors of 2855370?
2, 3, 5, 7, 13597
What are the prime factors of 280634?
2, 140317
List the prime factors of 159614.
2, 7, 13, 877
List the prime factors of 87411.
3, 29137
List the prime factors of 34183983.
3, 19, 599719
What are the prime factors of 10685800?
2, 5, 23, 101
What are the prime factors of 76610?
2, 5, 47, 163
What are the prime factors of 3884019?
3, 131, 9883
What are the prime factors of 185942?
2, 239, 389
What are the prime factors of 14497910?
2, 5, 7, 207113
What are the prime factors of 5859491?
11, 73, 7297
What are the prime factors of 341160?
2, 3, 5, 2843
What are the prime factors of 10948700?
2, 5, 7, 15641
List the prime factors of 117023.
117023
What are the prime factors of 6366639?
3, 2122213
List the prime factors of 1029737.
53, 19429
List the prime factors of 1859690.
2, 5, 7, 31, 857
What are the prime factors of 10474719?
3, 19, 151, 1217
What are the prime factors of 16613385?
3, 5, 103, 10753
List the prime factors of 1164968.
2, 7, 71, 293
List the prime factors of 120883.
7, 2467
List the prime factors of 163377.
3, 2017
What are the prime factors of 12729730?
2, 5, 13, 181, 541
What are the prime factors of 1010519?
1010519
List the prime factors of 682185.
3, 5, 7, 73, 89
List the prime factors of 138535.
5, 103, 269
What are the prime factors of 1076544?
2, 3, 7, 89
List the prime factors of 304337.
11, 73, 379
List the prime factors of 4841337.
3, 311, 5189
What are the prime factors of 166432?
2, 7, 743
What are the prime factors of 375641?
7, 103, 521
List the prime factors of 30535.
5, 31, 197
List the prime factors of 114103.
11, 23, 41
List the prime factors of 1284174.
2, 3, 7927
List the prime factors of 204038.
2, 102019
What are the prime factors of 669034?
2, 37, 9041
List the prime factors of 8830700.
2, 5, 233, 379
List the prime factors of 708103.
11, 64373
What are the prime factors of 4523428?
2, 7, 13, 17, 43
List the prime factors of 927942.
2, 3, 29, 5333
What are the prime factors of 1332549?
3, 148061
What are the prime factors of 320289?
3, 241, 443
What are the prime factors of 4378382?
2, 223, 9817
What are the prime factors of 18453006?
2, 3, 11, 13, 67, 107
List the prime factors of 8730032.
2, 43, 12689
List the prime factors of 42371.
7, 6053
List the prime factors of 9292010.
2, 5, 7, 13, 10211
List the prime factors of 2490873.
3, 7, 11, 41, 263
What are the prime factors of 2441131?
7, 11, 647
List the prime factors of 754846.
2, 59, 6397
What are the prime factors of 489789?
3, 54421
List the prime factors of 403382.
2, 7, 28813
List the prime factors of 6765610.
2, 5, 107, 6323
What are the prime factors of 1423032?
2, 3, 13, 4561
What are the prime factors of 2658201?
3, 7, 13, 107
What are the prime factors of 702168?
2, 3, 17, 1721
List the prime factors of 127393.
7, 18199
What are the prime factors of 1497436?
2, 374359
List the prime factors of 228485.
5, 45697
What are the prime factors of 7104714?
2, 3, 1184119
List the prime factors of 311667.
3, 103889
What are the prime factors of 154453?
13, 109
List the prime factors of 7128440.
2, 5, 11, 17, 953
List the prime factors of 12307328.
2, 11, 8741
List the prime factors of 706813.
23, 79, 389
List the prime factors of 14947.
14947
List the prime factors of 199601.
199601
List the prime factors of 58198.
2, 7, 4157
What are the prime factors of 7014007?
7, 11, 13
What are the prime factors of 776898?
2, 3, 14387
What are the prime factors of 21898?
2, 10949
What are the prime factors of 254065?
5, 7, 17, 61
List the prime factors of 64021.
73, 877
What are the prime factors of 1044111?
3, 31, 103, 109
List the prime factors of 2013092.
2, 613, 821
What are the prime factors of 6844678?
2, 83, 41233
What are the prime factors of 261918?
2, 3, 14551
What are the prime factors of 1083371?
1083371
What are the prime factors of 235597?
43, 5479
What are the prime factors of 8339864?
2, 13, 80191
List the prime factors of 251453.
41, 6133
List the prime factors of 1641678.
2, 3, 273613
List the prime factors of 953597.
607, 1571
What are the prime factors of 24934?
2, 7, 13, 137
List the prime factors of 6965171.
71, 98101
What are the prime factors of 7346280?
2, 3, 5, 29, 2111
What are the prime factors of 1760607?
3, 53, 3691
List the prime factors of 127914.
2, 3, 21319
What are the prime factors of 7932362?
2, 683, 5807
What are the prime factors of 780143?
7, 13, 8573
What are the prime factors of 6383863?
6383863
What are the prime factors of 331847?
29, 11443
List the prime factors of 35835105.
3, 5, 641, 3727
What are the prime factors of 408799?
17, 139, 173
List the prime factors of 373189.
157, 2377
List the prime factors of 3542981.
13, 272537
What are the prime factors of 10548273?
3, 443, 7937
What are the prime factors of 156333?
3, 31, 41
List the prime factors of 647440.
2, 5, 8093
List the prime factors of 12204052.
2, 7, 435859
List the prime factors of 3258916.
2, 23, 35423
List the prime factors of 150978.
2, 3, 25163
What are the prime factors of 2309037?
3, 197, 3907
List the prime factors of 767621.
181, 4241
What are the prime factors of 1421003?
67, 127, 167
What are the prime factors of 48183?
3, 16061
List the prime factors of 18323506.
2, 9161753
What are the prime factors of 3781803?
3, 17, 29, 2557
What are the prime factors of 23832?
2, 3, 331
What are the prime factors of 51692?
2, 12923
What are the prime factors of 899494?
2, 79, 5693
What are the prime factors of 454926?
2, 3, 75821
List the prime factors of 4813775.
5, 167, 1153
List the prime factors of 614400.
2, 3, 5
What are the prime factors of 694031?
13, 197, 271
What are the prime factors of 1283798?
2, 653, 983
What are the prime factors of 825365?
5, 383, 431
List the prime factors of 2557506.
2, 3, 7, 8699
What are the prime factors of 3151229?
3151229
List the prime factors of 40333697.
23, 31, 56569
What are the prime factors of 385035?
3, 5, 7, 19, 193
What are the prime factors of 2298347?
47, 79, 619
List the prime factors of 19552490.
2, 5, 41, 103, 463
List the prime factors of 7007672.
2, 7, 17, 433
What are the prime factors of 1661802?
2, 3, 103, 2689
What are the prime factors of 460079?
460079
List the prime factors of 19753800.
2, 3, 5, 11, 41, 73
What are the prime factors of 1921910?
2, 5, 192191
List the prime factors of 6825810.
2, 3, 5, 47, 103
List the prime factors of 6202524.
2, 3, 516877
List the prime factors of 93957.
3, 31319
What are the prime factors of 91028?
2, 7, 3251
List the prime factors of 11208.
2, 3, 467
What are the prime factors of 784131?
3, 29, 9013
What are the prime factors of 10985461?
29, 378809
What are the prime factors of 1321746?
2, 3, 220291
What are the prime factors of 4125868?
2, 109, 9463
What are the prime factors of 1769960?
2, 5, 44249
What are the prime factors of 1221799?
29, 42131
What are the prime factors of 1545837?
3, 515279
List the prime factors of